{"id":15,"date":"2023-04-07T18:19:27","date_gmt":"2023-04-07T18:19:27","guid":{"rendered":"https:\/\/comedordepruebas.uncoma.edu.ar\/?page_id=15"},"modified":"2025-08-26T13:20:15","modified_gmt":"2025-08-26T16:20:15","slug":"elementor-15","status":"publish","type":"page","link":"https:\/\/comedordepruebas.uncoma.edu.ar\/","title":{"rendered":"Pagina de Inicio"},"content":{"rendered":"\t\t<div data-elementor-type=\"wp-page\" data-elementor-id=\"15\" class=\"elementor elementor-15\" data-elementor-post-type=\"page\">\n\t\t\t\t<div class=\"elementor-element elementor-element-d42a731 e-flex e-con-boxed e-con e-parent\" data-id=\"d42a731\" data-element_type=\"container\" data-settings=\"{&quot;background_background&quot;:&quot;classic&quot;,&quot;animation_mobile&quot;:&quot;none&quot;}\">\n\t\t\t\t\t<div class=\"e-con-inner\">\n\t\t<div class=\"elementor-element elementor-element-455618f e-con-full e-flex e-con e-child\" data-id=\"455618f\" data-element_type=\"container\">\n\t\t\t\t<\/div>\n\t\t<div class=\"elementor-element elementor-element-e3bf10e e-con-full e-flex e-con e-child\" data-id=\"e3bf10e\" data-element_type=\"container\" data-settings=\"{&quot;background_background&quot;:&quot;classic&quot;,&quot;animation_mobile&quot;:&quot;none&quot;}\">\n\t\t\t\t<div class=\"elementor-element elementor-element-4819cbd elementor-widget elementor-widget-heading\" data-id=\"4819cbd\" data-element_type=\"widget\" data-settings=\"{&quot;_animation_mobile&quot;:&quot;none&quot;}\" data-widget_type=\"heading.default\">\n\t\t\t\t<div class=\"elementor-widget-container\">\n\t\t\t\t\t<h3 class=\"elementor-heading-title elementor-size-default\">\u00a1BIENVENIDOS!<\/h3>\t\t\t\t<\/div>\n\t\t\t\t<\/div>\n\t\t\t\t<div class=\"elementor-element elementor-element-de6d2ae elementor-widget elementor-widget-image\" data-id=\"de6d2ae\" data-element_type=\"widget\" data-widget_type=\"image.default\">\n\t\t\t\t<div class=\"elementor-widget-container\">\n\t\t\t\t\t\t\t\t\t\t\t\t\t\t\t<img decoding=\"async\" width=\"250\" height=\"27\" src=\"https:\/\/comedordepruebas.uncoma.edu.ar\/wp-content\/uploads\/2023\/04\/frill-free-img.png\" class=\"attachment-full size-full wp-image-255\" alt=\"\" srcset=\"https:\/\/comedordepruebas.uncoma.edu.ar\/wp-content\/uploads\/2023\/04\/frill-free-img.png 250w, https:\/\/comedordepruebas.uncoma.edu.ar\/wp-content\/uploads\/2023\/04\/frill-free-img-100x11.png 100w\" sizes=\"(max-width: 250px) 100vw, 250px\" \/>\t\t\t\t\t\t\t\t\t\t\t\t\t\t\t<\/div>\n\t\t\t\t<\/div>\n\t\t\t\t<div class=\"elementor-element elementor-element-1d0e351 elementor-widget elementor-widget-heading\" data-id=\"1d0e351\" data-element_type=\"widget\" data-settings=\"{&quot;_animation&quot;:&quot;none&quot;}\" data-widget_type=\"heading.default\">\n\t\t\t\t<div class=\"elementor-widget-container\">\n\t\t\t\t\t<h1 class=\"elementor-heading-title elementor-size-default\">Comedor UNCo\n<br><\/h1>\t\t\t\t<\/div>\n\t\t\t\t<\/div>\n\t\t<div class=\"elementor-element elementor-element-5be6913 e-con-full e-flex e-con e-child\" data-id=\"5be6913\" data-element_type=\"container\" data-settings=\"{&quot;animation_mobile&quot;:&quot;none&quot;}\">\n\t\t<div class=\"elementor-element elementor-element-742ab46 elementor-hidden-tablet elementor-hidden-mobile e-con-full e-flex e-con e-child\" data-id=\"742ab46\" data-element_type=\"container\">\n\t\t\t\t<div class=\"elementor-element elementor-element-e0f8d39 elementor-hidden-phone elementor-widget-divider--view-line elementor-widget elementor-widget-divider\" data-id=\"e0f8d39\" data-element_type=\"widget\" data-widget_type=\"divider.default\">\n\t\t\t\t<div class=\"elementor-widget-container\">\n\t\t\t\t\t\t\t<div class=\"elementor-divider\">\n\t\t\t<span class=\"elementor-divider-separator\">\n\t\t\t\t\t\t<\/span>\n\t\t<\/div>\n\t\t\t\t\t\t<\/div>\n\t\t\t\t<\/div>\n\t\t\t\t<div class=\"elementor-element elementor-element-28640f7 elementor-widget elementor-widget-heading\" data-id=\"28640f7\" data-element_type=\"widget\" data-settings=\"{&quot;_animation_mobile&quot;:&quot;none&quot;}\" data-widget_type=\"heading.default\">\n\t\t\t\t<div class=\"elementor-widget-container\">\n\t\t\t\t\t<h3 class=\"elementor-heading-title elementor-size-default\">Abierto <br> \nde Lunes a Viernes<\/h3>\t\t\t\t<\/div>\n\t\t\t\t<\/div>\n\t\t\t\t<\/div>\n\t\t<div class=\"elementor-element elementor-element-f79ed27 e-con-full e-flex e-con e-child\" data-id=\"f79ed27\" data-element_type=\"container\">\n\t\t\t\t<div class=\"elementor-element elementor-element-664f917 elementor-widget elementor-widget-heading\" data-id=\"664f917\" data-element_type=\"widget\" data-settings=\"{&quot;_animation_mobile&quot;:&quot;none&quot;}\" data-widget_type=\"heading.default\">\n\t\t\t\t<div class=\"elementor-widget-container\">\n\t\t\t\t\t<h3 class=\"elementor-heading-title elementor-size-default\">Sede Neuqu\u00e9n Capital<\/h3>\t\t\t\t<\/div>\n\t\t\t\t<\/div>\n\t\t\t\t<div class=\"elementor-element elementor-element-4336cfa elementor-widget elementor-widget-heading\" data-id=\"4336cfa\" data-element_type=\"widget\" data-settings=\"{&quot;_animation_mobile&quot;:&quot;none&quot;}\" data-widget_type=\"heading.default\">\n\t\t\t\t<div class=\"elementor-widget-container\">\n\t\t\t\t\t<h3 class=\"elementor-heading-title elementor-size-default\">Venta de Bonos\n<br> \nMen\u00fa semanal\n<br>\nMeriendas e Infusiones<\/h3>\t\t\t\t<\/div>\n\t\t\t\t<\/div>\n\t\t\t\t<\/div>\n\t\t<div class=\"elementor-element elementor-element-4d0f2cd e-con-full e-flex e-con e-child\" data-id=\"4d0f2cd\" data-element_type=\"container\">\n\t\t\t\t<div class=\"elementor-element elementor-element-d5e37bb elementor-hidden-phone elementor-widget-divider--view-line elementor-widget elementor-widget-divider\" data-id=\"d5e37bb\" data-element_type=\"widget\" data-widget_type=\"divider.default\">\n\t\t\t\t<div class=\"elementor-widget-container\">\n\t\t\t\t\t\t\t<div class=\"elementor-divider\">\n\t\t\t<span class=\"elementor-divider-separator\">\n\t\t\t\t\t\t<\/span>\n\t\t<\/div>\n\t\t\t\t\t\t<\/div>\n\t\t\t\t<\/div>\n\t\t\t\t<div class=\"elementor-element elementor-element-8795c23 elementor-widget__width-initial elementor-widget elementor-widget-heading\" data-id=\"8795c23\" data-element_type=\"widget\" data-settings=\"{&quot;_animation_mobile&quot;:&quot;none&quot;}\" data-widget_type=\"heading.default\">\n\t\t\t\t<div class=\"elementor-widget-container\">\n\t\t\t\t\t<h3 class=\"elementor-heading-title elementor-size-default\">\u00bfTodav\u00eda no ten\u00e9s usuario?<\/h3>\t\t\t\t<\/div>\n\t\t\t\t<\/div>\n\t\t\t\t<div class=\"elementor-element elementor-element-2ee68af elementor-align-center elementor-widget elementor-widget-button\" data-id=\"2ee68af\" data-element_type=\"widget\" data-widget_type=\"button.default\">\n\t\t\t\t<div class=\"elementor-widget-container\">\n\t\t\t\t\t\t\t\t\t<div class=\"elementor-button-wrapper\">\n\t\t\t\t\t<a class=\"elementor-button elementor-button-link elementor-size-sm\" href=\"https:\/\/comedordepruebas.uncoma.edu.ar\/index.php\/formulario-de-preinscripcion\/\">\n\t\t\t\t\t\t<span class=\"elementor-button-content-wrapper\">\n\t\t\t\t\t\t<span class=\"elementor-button-icon\">\n\t\t\t\t<i aria-hidden=\"true\" class=\"fas fa-pencil-alt\"><\/i>\t\t\t<\/span>\n\t\t\t\t\t\t\t\t\t<span class=\"elementor-button-text\">REGISTRATE<\/span>\n\t\t\t\t\t<\/span>\n\t\t\t\t\t<\/a>\n\t\t\t\t<\/div>\n\t\t\t\t\t\t\t\t<\/div>\n\t\t\t\t<\/div>\n\t\t\t\t<\/div>\n\t\t\t\t<\/div>\n\t\t\t\t<\/div>\n\t\t<div class=\"elementor-element elementor-element-94ce6f0 e-con-full e-flex e-con e-child\" data-id=\"94ce6f0\" data-element_type=\"container\">\n\t\t\t\t<\/div>\n\t\t\t\t\t<\/div>\n\t\t\t\t<\/div>\n\t\t<!-- dce invisible element 78fe205 --><div class=\"dce-visibility-event elementor-element elementor-element-2dc58bf e-flex e-con-boxed e-con e-parent\" data-id=\"2dc58bf\" data-element_type=\"container\" data-settings=\"{&quot;background_background&quot;:&quot;classic&quot;,&quot;enabled_visibility&quot;:&quot;yes&quot;,&quot;dce_visibility_selected&quot;:&quot;yes&quot;}\">\n\t\t\t\t\t<div class=\"e-con-inner\">\n\t\t<div class=\"elementor-element elementor-element-cb3faed e-con-full e-flex e-con e-child\" data-id=\"cb3faed\" data-element_type=\"container\">\n\t\t\t\t<div class=\"elementor-element elementor-element-7e73bf3 elementor-position-inline-start elementor-mobile-position-inline-start elementor-view-default elementor-widget elementor-widget-icon-box\" data-id=\"7e73bf3\" data-element_type=\"widget\" data-widget_type=\"icon-box.default\">\n\t\t\t\t<div class=\"elementor-widget-container\">\n\t\t\t\t\t\t\t<div class=\"elementor-icon-box-wrapper\">\n\n\t\t\t\t\t\t<div class=\"elementor-icon-box-icon\">\n\t\t\t\t<span  class=\"elementor-icon\">\n\t\t\t\t<i aria-hidden=\"true\" class=\"fas fa-utensils\"><\/i>\t\t\t\t<\/span>\n\t\t\t<\/div>\n\t\t\t\n\t\t\t\t\t\t<div class=\"elementor-icon-box-content\">\n\n\t\t\t\t\t\t\t\t\t<h3 class=\"elementor-icon-box-title\">\n\t\t\t\t\t\t<span  >\n\t\t\t\t\t\t\tNo hay bonos diarios disponibles\t\t\t\t\t\t<\/span>\n\t\t\t\t\t<\/h3>\n\t\t\t\t\n\t\t\t\t\t\t\t\t\t<p class=\"elementor-icon-box-description\">\n\t\t\t\t\t\tPor favor, regrese m\u00e1s tarde. \t\t\t\t\t<\/p>\n\t\t\t\t\n\t\t\t<\/div>\n\t\t\t\n\t\t<\/div>\n\t\t\t\t\t\t<\/div>\n\t\t\t\t<\/div>\n\t\t\t\t<\/div>\n\t\t\t\t\t<\/div>\n\t\t\t\t<\/div>\n\t\t<!-- dce invisible element ddadfb9 --><style id=\"loop-130\">.elementor-130 .elementor-element.elementor-element-43e36d0{--display:flex;--min-height:510px;--flex-direction:row;--container-widget-width:calc( ( 1 - var( --container-widget-flex-grow ) ) * 100% );--container-widget-height:100%;--container-widget-flex-grow:1;--container-widget-align-self:stretch;--flex-wrap-mobile:wrap;--align-items:stretch;--gap:10px 10px;--row-gap:10px;--column-gap:10px;--padding-top:0px;--padding-bottom:0px;--padding-left:0px;--padding-right:0px;}.elementor-130 .elementor-element.elementor-element-43e36d0.e-con{--flex-grow:0;--flex-shrink:0;}.elementor-130 .elementor-element.elementor-element-7bf3766{--display:flex;--min-height:500px;--justify-content:space-between;--gap:0px 0px;--row-gap:0px;--column-gap:0px;border-style:solid;--border-style:solid;border-width:2px 2px 2px 2px;--border-top-width:2px;--border-right-width:2px;--border-bottom-width:2px;--border-left-width:2px;border-color:#00366C;--border-color:#00366C;--border-radius:15px 15px 15px 15px;}.elementor-130 .elementor-element.elementor-element-7bf3766:not(.elementor-motion-effects-element-type-background), .elementor-130 .elementor-element.elementor-element-7bf3766 > .elementor-motion-effects-container > .elementor-motion-effects-layer{background-color:#FFFFFF;}.elementor-130 .elementor-element.elementor-element-7bf3766:hover{--border-radius:15px 15px 15px 15px;--border-top-left-radius:15px;--border-top-right-radius:15px;--border-bottom-right-radius:15px;--border-bottom-left-radius:15px;box-shadow:1px 0px 10px 0px rgba(0,0,0,0.5);}.elementor-130 .elementor-element.elementor-element-7bf3766, .elementor-130 .elementor-element.elementor-element-7bf3766::before{--border-transition:0.3s;}.elementor-130 .elementor-element.elementor-element-b8dc246{--display:flex;--gap:5px 5px;--row-gap:5px;--column-gap:5px;}.elementor-widget-image .widget-image-caption{color:var( --e-global-color-text );font-family:var( --e-global-typography-text-font-family ), Sans-serif;font-weight:var( --e-global-typography-text-font-weight );}.elementor-130 .elementor-element.elementor-element-302b981 img{width:300px;max-width:100%;height:250px;object-fit:cover;object-position:center center;}.elementor-widget-heading .elementor-heading-title{font-family:var( --e-global-typography-primary-font-family ), Sans-serif;font-weight:var( --e-global-typography-primary-font-weight );color:var( --e-global-color-primary );}body:not(.rtl) .elementor-130 .elementor-element.elementor-element-d4b8e0e{left:0px;}body.rtl .elementor-130 .elementor-element.elementor-element-d4b8e0e{right:0px;}.elementor-130 .elementor-element.elementor-element-d4b8e0e{top:44%;}.elementor-130 .elementor-element.elementor-element-d4b8e0e .elementor-heading-title{font-family:\"Poppins\", Sans-serif;font-weight:600;line-height:36px;text-shadow:0px 0px 10px #000000;color:#FFFFFF;}.elementor-widget-text-editor{font-family:var( --e-global-typography-text-font-family ), Sans-serif;font-weight:var( --e-global-typography-text-font-weight );color:var( --e-global-color-text );}.elementor-widget-text-editor.elementor-drop-cap-view-stacked .elementor-drop-cap{background-color:var( --e-global-color-primary );}.elementor-widget-text-editor.elementor-drop-cap-view-framed .elementor-drop-cap, .elementor-widget-text-editor.elementor-drop-cap-view-default .elementor-drop-cap{color:var( --e-global-color-primary );border-color:var( --e-global-color-primary );}.elementor-130 .elementor-element.elementor-element-58322ab > .elementor-widget-container{padding:5px 0px 0px 0px;}.elementor-130 .elementor-element.elementor-element-58322ab{columns:1;font-family:\"Poppins\", Sans-serif;font-weight:600;color:var( --e-global-color-accent );}.elementor-130 .elementor-element.elementor-element-3120fca{--display:flex;--justify-content:center;--gap:10px 10px;--row-gap:10px;--column-gap:10px;--padding-top:0px;--padding-bottom:0px;--padding-left:0px;--padding-right:0px;}.elementor-widget-woocommerce-product-title .elementor-heading-title{font-family:var( --e-global-typography-primary-font-family ), Sans-serif;font-weight:var( --e-global-typography-primary-font-weight );color:var( --e-global-color-primary );}.elementor-130 .elementor-element.elementor-element-5919e17{text-align:center;}.elementor-130 .elementor-element.elementor-element-5919e17 .elementor-heading-title{font-size:18px;font-weight:500;color:#1e293b;}.elementor-130 .elementor-element.elementor-element-da640e9{--display:flex;--gap:5px 5px;--row-gap:5px;--column-gap:5px;}.woocommerce .elementor-widget-woocommerce-product-price .price{color:var( --e-global-color-primary );font-family:var( --e-global-typography-primary-font-family ), Sans-serif;font-weight:var( --e-global-typography-primary-font-weight );}.elementor-130 .elementor-element.elementor-element-de66d5b{text-align:center;}.woocommerce .elementor-130 .elementor-element.elementor-element-de66d5b .price{color:#000000;font-size:18px;font-weight:600;}.elementor-widget-woocommerce-product-add-to-cart .added_to_cart{font-family:var( --e-global-typography-accent-font-family ), Sans-serif;font-weight:var( --e-global-typography-accent-font-weight );}.elementor-130 .elementor-element.elementor-element-9855b21 > .elementor-widget-container{border-radius:65px 65px 65px 65px;}.elementor-130 .elementor-element.elementor-element-9855b21 .cart button, .elementor-130 .elementor-element.elementor-element-9855b21 .cart .button{font-family:\"Poppins\", Sans-serif;border-radius:10px 10px 10px 10px;padding:7px 7px 7px 7px;color:#FFFFFF;background-color:var( --e-global-color-primary );transition:all 0.2s;}.elementor-130 .elementor-element.elementor-element-9855b21 .cart button:hover, .elementor-130 .elementor-element.elementor-element-9855b21 .cart .button:hover{background-color:#1D5D24;}.elementor-130 .elementor-element.elementor-element-9855b21 .added_to_cart{color:#FFFFFF;font-family:\"Poppins\", Sans-serif;font-size:16px;font-weight:400;line-height:25px;}.elementor-130 .elementor-element.elementor-element-9855b21{--view-cart-spacing:5px;}@media(max-width:1024px){.elementor-130 .elementor-element.elementor-element-302b981 img{width:400px;}}@media(min-width:768px){.elementor-130 .elementor-element.elementor-element-43e36d0{--width:100%;}}@media(max-width:767px){.elementor-130 .elementor-element.elementor-element-43e36d0{--min-height:400px;--padding-top:0px;--padding-bottom:0px;--padding-left:0px;--padding-right:0px;}.elementor-130 .elementor-element.elementor-element-7bf3766{--min-height:400px;}.elementor-130 .elementor-element.elementor-element-302b981 img{width:400px;max-width:100%;height:180px;object-fit:cover;}}\/* Start custom CSS for heading, class: .elementor-element-d4b8e0e *\/.no-imagen-destacada {\n  transform: translateY(-50%);\n}\/* End custom CSS *\/\n\/* Start custom CSS for text-editor, class: .elementor-element-58322ab *\/.entry-content .wp-audio-shortcode, .entry-content .wp-embedded-audio, .entry-content .wp-embedded-video, .entry-content .wp-video, .entry-content p {\n     margin-bottom: 0em; \n}\/* End custom CSS *\/\n\/* Start custom CSS for woocommerce-product-add-to-cart, class: .elementor-element-9855b21 *\/.elementor-130 .elementor-element.elementor-element-9855b21 .elementor-add-to-cart .added_to_cart {\r\n    background-color: #4CAF50;\r\n    \/*padding: 5px !important;\r\n    padding-left: 10px !important;\r\n    padding-right: 10px !important;\r\n    *\/\r\n    text-align: center !important;\r\n    display: block !important;\r\n    margin: auto !important;\r\n}\r\n\r\n\r\n.elementor-130 .elementor-element.elementor-element-9855b21 .elementor-add-to-cart .added_to_cart:hover {\r\n    background-color: #218838;\r\n}\/* End custom CSS *\/\n\/* Start custom CSS for container, class: .elementor-element-43e36d0 *\/.producto-loop .added_to_cart {\n    border-radius: 10px 10px 10px 10px !important;\n    padding: 2px !important;\n    font-weight: 700 !important;\n    width: 100% !important;\n}\/* End custom CSS *\/<\/style><div class=\"elementor-element elementor-element-24d3997 e-flex e-con-boxed e-con e-parent\" data-id=\"24d3997\" data-element_type=\"container\">\n\t\t\t\t\t<div class=\"e-con-inner\">\n\t\t<div class=\"elementor-element elementor-element-4e63e89 e-con-full e-flex e-con e-child\" data-id=\"4e63e89\" data-element_type=\"container\">\n\t\t\t\t<div class=\"elementor-element elementor-element-98b6b53 elementor-widget elementor-widget-image\" data-id=\"98b6b53\" data-element_type=\"widget\" data-widget_type=\"image.default\">\n\t\t\t\t<div class=\"elementor-widget-container\">\n\t\t\t\t\t\t\t\t\t\t\t\t\t\t\t<img fetchpriority=\"high\" decoding=\"async\" width=\"300\" height=\"305\" src=\"https:\/\/comedordepruebas.uncoma.edu.ar\/wp-content\/uploads\/2024\/10\/LOGOUNC-e1522858761795.png\" class=\"attachment-full size-full wp-image-5190\" alt=\"\" srcset=\"https:\/\/comedordepruebas.uncoma.edu.ar\/wp-content\/uploads\/2024\/10\/LOGOUNC-e1522858761795.png 300w, https:\/\/comedordepruebas.uncoma.edu.ar\/wp-content\/uploads\/2024\/10\/LOGOUNC-e1522858761795-295x300.png 295w, https:\/\/comedordepruebas.uncoma.edu.ar\/wp-content\/uploads\/2024\/10\/LOGOUNC-e1522858761795-100x102.png 100w\" sizes=\"(max-width: 300px) 100vw, 300px\" \/>\t\t\t\t\t\t\t\t\t\t\t\t\t\t\t<\/div>\n\t\t\t\t<\/div>\n\t\t\t\t<\/div>\n\t\t\t\t\t<\/div>\n\t\t\t\t<\/div>\n\t\t<div class=\"dce-visibility-event elementor-element elementor-element-7a6572b e-flex e-con-boxed e-con e-parent\" data-id=\"7a6572b\" data-element_type=\"container\" data-settings=\"{&quot;background_background&quot;:&quot;classic&quot;,&quot;enabled_visibility&quot;:&quot;yes&quot;,&quot;dce_visibility_selected&quot;:&quot;yes&quot;}\">\n\t\t\t\t\t<div class=\"e-con-inner\">\n\t\t<div class=\"elementor-element elementor-element-a21c130 e-con-full e-flex e-con e-child\" data-id=\"a21c130\" data-element_type=\"container\">\n\t\t\t\t<div class=\"elementor-element elementor-element-bcbd4ac elementor-position-inline-start elementor-mobile-position-inline-start elementor-view-default elementor-widget elementor-widget-icon-box\" data-id=\"bcbd4ac\" data-element_type=\"widget\" data-widget_type=\"icon-box.default\">\n\t\t\t\t<div class=\"elementor-widget-container\">\n\t\t\t\t\t\t\t<div class=\"elementor-icon-box-wrapper\">\n\n\t\t\t\t\t\t<div class=\"elementor-icon-box-icon\">\n\t\t\t\t<span  class=\"elementor-icon\">\n\t\t\t\t<i aria-hidden=\"true\" class=\"fas fa-coffee\"><\/i>\t\t\t\t<\/span>\n\t\t\t<\/div>\n\t\t\t\n\t\t\t\t\t\t<div class=\"elementor-icon-box-content\">\n\n\t\t\t\t\t\t\t\t\t<h3 class=\"elementor-icon-box-title\">\n\t\t\t\t\t\t<span  >\n\t\t\t\t\t\t\tNo hay meriendas disponibles\t\t\t\t\t\t<\/span>\n\t\t\t\t\t<\/h3>\n\t\t\t\t\n\t\t\t\t\t\t\t\t\t<p class=\"elementor-icon-box-description\">\n\t\t\t\t\t\tPor favor, regrese m\u00e1s tarde. \t\t\t\t\t<\/p>\n\t\t\t\t\n\t\t\t<\/div>\n\t\t\t\n\t\t<\/div>\n\t\t\t\t\t\t<\/div>\n\t\t\t\t<\/div>\n\t\t\t\t<\/div>\n\t\t\t\t\t<\/div>\n\t\t\t\t<\/div>\n\t\t<!-- dce invisible element 70e6a40 --><div class=\"elementor-element elementor-element-63389ef e-flex e-con-boxed e-con e-parent\" data-id=\"63389ef\" data-element_type=\"container\">\n\t\t\t\t\t<div class=\"e-con-inner\">\n\t\t\t\t<div class=\"elementor-element elementor-element-564aaee elementor-widget elementor-widget-image-carousel\" data-id=\"564aaee\" data-element_type=\"widget\" data-settings=\"{&quot;slides_to_show&quot;:&quot;1&quot;,&quot;navigation&quot;:&quot;none&quot;,&quot;autoplay_speed&quot;:3000,&quot;effect&quot;:&quot;fade&quot;,&quot;autoplay&quot;:&quot;yes&quot;,&quot;pause_on_hover&quot;:&quot;yes&quot;,&quot;pause_on_interaction&quot;:&quot;yes&quot;,&quot;infinite&quot;:&quot;yes&quot;,&quot;speed&quot;:500}\" data-widget_type=\"image-carousel.default\">\n\t\t\t\t<div class=\"elementor-widget-container\">\n\t\t\t\t\t\t\t<div class=\"elementor-image-carousel-wrapper swiper\" role=\"region\" aria-roledescription=\"carousel\" aria-label=\"Carrusel de im\u00e1genes\" dir=\"ltr\">\n\t\t\t<div class=\"elementor-image-carousel swiper-wrapper\" aria-live=\"off\">\n\t\t\t\t\t\t\t\t<div class=\"swiper-slide\" role=\"group\" aria-roledescription=\"slide\" aria-label=\"1 de 2\"><figure class=\"swiper-slide-inner\"><img decoding=\"async\" class=\"swiper-slide-image\" src=\"https:\/\/comedordepruebas.uncoma.edu.ar\/wp-content\/uploads\/2025\/03\/instructivo_comedor-copia.png\" alt=\"instructivo_comedor - copia\" \/><\/figure><\/div><div class=\"swiper-slide\" role=\"group\" aria-roledescription=\"slide\" aria-label=\"2 de 2\"><figure class=\"swiper-slide-inner\"><img decoding=\"async\" class=\"swiper-slide-image\" src=\"https:\/\/comedordepruebas.uncoma.edu.ar\/wp-content\/uploads\/2025\/03\/usuarios_comedor-copia-2.png\" alt=\"usuarios_comedor - copia 2\" \/><\/figure><\/div>\t\t\t<\/div>\n\t\t\t\t\t\t\t\n\t\t\t\t\t\t\t\t\t<\/div>\n\t\t\t\t\t\t<\/div>\n\t\t\t\t<\/div>\n\t\t\t\t\t<\/div>\n\t\t\t\t<\/div>\n\t\t\t\t<\/div>\n\t\t","protected":false},"excerpt":{"rendered":"<p>\u00a1BIENVENIDOS! Comedor UNCo Abierto de Lunes a Viernes Sede Neuqu\u00e9n Capital Venta de Bonos Men\u00fa semanal Meriendas e Infusiones \u00bfTodav\u00eda no ten\u00e9s usuario? REGISTRATE No hay bonos diarios disponibles Por favor, regrese m\u00e1s tarde. Hoy se ofrecer\u00e1: Men\u00fa Principal Men\u00fa Alternativo Record\u00e1 que si sos estudiante, s\u00f3lo podr\u00e1s comprar un bono diario del men\u00fa principal [&hellip;]<\/p>\n","protected":false},"author":1,"featured_media":0,"parent":0,"menu_order":0,"comment_status":"closed","ping_status":"closed","template":"","meta":{"_acf_changed":false,"footnotes":""},"class_list":["post-15","page","type-page","status-publish","hentry"],"acf":[],"_links":{"self":[{"href":"https:\/\/comedordepruebas.uncoma.edu.ar\/index.php\/wp-json\/wp\/v2\/pages\/15","targetHints":{"allow":["GET"]}}],"collection":[{"href":"https:\/\/comedordepruebas.uncoma.edu.ar\/index.php\/wp-json\/wp\/v2\/pages"}],"about":[{"href":"https:\/\/comedordepruebas.uncoma.edu.ar\/index.php\/wp-json\/wp\/v2\/types\/page"}],"author":[{"embeddable":true,"href":"https:\/\/comedordepruebas.uncoma.edu.ar\/index.php\/wp-json\/wp\/v2\/users\/1"}],"replies":[{"embeddable":true,"href":"https:\/\/comedordepruebas.uncoma.edu.ar\/index.php\/wp-json\/wp\/v2\/comments?post=15"}],"version-history":[{"count":543,"href":"https:\/\/comedordepruebas.uncoma.edu.ar\/index.php\/wp-json\/wp\/v2\/pages\/15\/revisions"}],"predecessor-version":[{"id":25308,"href":"https:\/\/comedordepruebas.uncoma.edu.ar\/index.php\/wp-json\/wp\/v2\/pages\/15\/revisions\/25308"}],"wp:attachment":[{"href":"https:\/\/comedordepruebas.uncoma.edu.ar\/index.php\/wp-json\/wp\/v2\/media?parent=15"}],"curies":[{"name":"wp","href":"https:\/\/api.w.org\/{rel}","templated":true}]}}